 -5*r - 27 = -77. Let b be (-1)/4 + 4485/20. Suppose 11 + b = 3*i + z, -4*i = -4*z - 340. What is the highest common factor of r and i?
10
Let q = -12138 - -19276. Suppose -4*m - 1506 = -q. Let b be 4/(-10) - m/(-20). What is the greatest common factor of 14 and b?
14
Let o(s) = s**3 - 5*s**2 + s - 1. Let r be o(5). Suppose 45 = r*h - 75. What is the greatest common divisor of 5 and h?
5
Suppose -3*q - q + 16 = 0. Calculate the greatest common divisor of q and 4.
4
Let p be (-1)/(-1 + 12/16). Calculate the greatest common factor of 2 and p.
2
Suppose -2*r + 5*r = 348. Let g = r - 56. What is the highest common divisor of 24 and g?
12
Let z(f) = f**3 + 14*f**2 - 16*f - 2. Let y be z(-15). Calculate the highest common divisor of 13 and y.
13
Let x be (-4)/18 + (-984)/(-54). What is the highest common factor of x and 198?
18
Suppose 24*v - 21*v - 960 = 0. Let z(t) = -8*t. Let f be z(-4). Calculate the highest common factor of v and f.
32
Suppose -3*x + 3*s + 44 = s, -s + 20 = 2*x. Calculate the highest common divisor of 24 and x.
12
Let m(u) = -u**2 - 12*u + 1. Let b be m(-10). Suppose 4*s = s + b. Calculate the greatest common divisor of s and 7.
7
Let b = -59 - -77. Calculate the greatest common factor of 27 and b.
9
Suppose r - 6 - 13 = 0. Calculate the greatest common factor of 19 and r.
19
Suppose -n + 6*n - 42 = z, n - z - 10 = 0. Let s = 21 - n. Calculate the highest common divisor of s and 143.
13
Let u = 6 - 8. Let w be (20/u)/(2/(-4)). Suppose 3*i - i = w. What is the greatest common factor of i and 110?
10
Let q = 9 - -6. What is the highest common divisor of q and 5?
5
Let j be (-31 - -1)/(6/(-4)). Suppose 4*c - 12 = -4*x, 5*c = 5*x + 13 - 8. Calculate the highest common factor of c and j.
2
Suppose 16 + 296 = 3*i. What is the highest common divisor of 26 and i?
26
Let b(n) = 134*n**2 + 1. Let k be b(1). What is the highest common divisor of k and 15?
15
Let u be ((-15)/6)/((-1)/2). Let p(b) = -b**3 + 7*b**2 - 7*b. Let m be p(5). Suppose -2*k = -k - m. Calculate the greatest common divisor of u and k.
5
Suppose 0 = 23*u - 28*u + 10. Calculate the highest common divisor of u and 26.
2
Suppose -3*f + 0 = -6. Suppose -z + f = z. Let m be (2*z)/((-2)/(-8)). What is the highest common divisor of 12 and m?
4
Let u be (95/(-1))/((-13)/13). Let t(n) = -19*n**3 + n + 1. Let l be t(-1). Calculate the greatest common divisor of l and u.
19
Let t(b) = -14*b + 1. Let f be t(-5). Let r = 51 + -89. Let i = f + r. Calculate the highest common divisor of i and 22.
11
Suppose 0 = 4*i - 2*i - 8. Suppose a - 9 - 10 = i*l, 0 = -4*a - 4*l + 16. Let v be ((-1)/(-2))/(2/112). What is the highest common divisor of v and a?
7
Let g(u) = 7*u - 9. Suppose 4 = -4*b + 36. Let p be g(b). Let o = -34 + p. What is the highest common divisor of 13 and o?
13
Let n = 22 - 5. What is the greatest common factor of 187 and n?
17
Let w = 0 - 4. Suppose -5*k + s + 11 = -k, 3*k + 4*s = 13. Let t = k - w. Calculate the greatest common factor of t and 56.
7
Let i be 9/3 - -7*6. What is the highest common divisor of 30 and i?
15
Let k(t) = t - 5. Let l(f) = f - 6. Let y(a) = -6*k(a) + 5*l(a). Let u be y(-2). Suppose 0*q + 4*q = 40. Calculate the greatest common divisor of u and q.
2
Let s be (-4)/14 - (-618)/7. Calculate the highest common divisor of s and 11.
11
Suppose 42 = 5*p - 3*k - 0*k, 3*k = -12. Let b be -2*(3 + (-81)/p). What is the greatest common divisor of 105 and b?
21
Let r be 3/1*6/(-9). Let y be 3 - r - 0 - 2. Suppose -4*x = 5*k - 144, -y*x = -5*k + 187 - 15. Calculate the greatest common factor of 8 and k.
8
Suppose 2*q - 6 = -4. Let b be -1 + (-4)/(8/(-30)). Let j = b - 6. Calculate the greatest common factor of q and j.
1
Let u = -10 + 29. Suppose -97 + u = -6*q. Calculate the highest common factor of 117 and q.
13
Suppose 2*r - 50 = -3*g - 13, -2*r = -3*g + 53. Suppose t = -4*t + 375. Calculate the greatest common factor of g and t.
15
Suppose 84 + 65 = 4*g + x, -3*g = -2*x - 98. Calculate the highest common divisor of g and 9.
9
Let x = -3 - 1. Let t = x + 6. Calculate the highest common factor of 22 and t.
2
Let g = -19 - -13. Let m be ((-2)/g)/((-3)/(-99)). What is the greatest common divisor of 22 and m?
11
Let r = 4 + -3. Suppose 5*u = u + 8. Calculate the highest common divisor of u and r.
1
Let j = -102 + 107. Calculate the highest common divisor of 55 and j.
5
Let t be 30/50 - 594/(-10). Calculate the greatest common factor of 40 and t.
20
Let a(b) = -14*b**3 - 4*b**2 - 7*b - 5. Let w be a(-2). Calculate the greatest common factor of 35 and w.
35
Suppose 0 = -3*w + 15, 1 = -3*m + 2*w - 0*w. Suppose -2*g + 28 = z + 10, z = -m*g + 16. Suppose -3*x + z = -x. What is the greatest common factor of 55 and x?
11
Suppose -s + 3*s - 10 = 0. What is the highest common divisor of s and 10?
5
Let g(a) = 3*a - 15. Let i be g(8). Suppose j - f = 20, -j - 2*f + 74 = 3*j. Let d = j + -1. Calculate the greatest common factor of i and d.
9
Let n = -3 - -2. Let y be 3 + (n - -5)/2. Suppose v = 5*d + 5*v - 100, -2*d + y*v = -7. Calculate the highest common factor of 40 and d.
8
Let f be (1*-4 - -3)*0. Suppose f*m - 2*m + 18 = 0. Calculate the greatest common divisor of 63 and m.
9
Suppose 0 = 2*f + 4, 0 = -0*t + 4*t - f - 1082. Let x = 37 - 7. What is the highest common divisor of t and x?
30
Suppose 8*q - 5*q - 6 = 0. Calculate the greatest common factor of 8 and q.
2
Suppose -8*g + 16 = -3*g + m, 5*m = g - 24. Let q be (924/70)/((-14)/20 + 1). Calculate the greatest common factor of g and q.
4
Let a = 11 - 5. Suppose -2*l = -a*l + 48. What is the greatest common divisor of 12 and l?
12
Let y be (-2)/3*(-27)/2. Calculate the highest common factor of y and 18.
9
Let q(s) = 4*s**3 - s**2 + 2*s - 2. Let b be q(1). Calculate the greatest common factor of b and 1.
1
Let t be -1*2/(-4)*2. Let g be 2*t/2*1. Let l be (g + 0)/((-8)/(-120)). Calculate the greatest common factor of l and 165.
15
Let w be -15*(0 - 4/10). Let i be 2 + (-24)/(w/(-3)). What is the highest common factor of 56 and i?
14
Let c(q) = -8*q + 4. Let y be c(-17). What is the highest common factor of y and 20?
20
Suppose 4*l - 7 = 353. Suppose -3*g = -k - 99, -2*k = -3*g - 4*k + l. Calculate the highest common divisor of 48 and g.
16
Suppose 27 = -5*l - 8. Let z = -5 - l. Calculate the greatest common divisor of 8 and z.
2
Let h = 75 + -83. Suppose -5*a = l + 30, a + 11 = -l + 1. Let d = a - h. Calculate the greatest common divisor of 9 and d.
3
Let l = -10 + 19. Calculate the highest common divisor of 99 and l.
9
Suppose 12*z - 13*z = -10. What is the greatest common divisor of 15 and z?
5
Suppose -9 = -f - j, 0*f + 5*f + 4*j = 48. What is the greatest common divisor of f and 96?
12
Let j = 12 + -5. Let b(x) = x**2 + 4*x - 7. Let i be b(j). Suppose s - 5*p = 27 + 16, -4*p + i = 5*s. Calculate the highest common divisor of 2 and s.
2
Let m(i) = -i**3 + 4*i**2 - 2*i + 3. Let s be m(4). Let l = s - -27. Calculate the highest common factor of l and 2.
2
Suppose 74 = -4*b - 54. Let f = b - -219. Suppose 0 = 4*r - 5*g - 88, 37 = -0*r + r - 5*g. What is the highest common factor of f and r?
17
Let m = -28 + 39. Let i = 15 - m. Suppose -5*d - 7 = -f, -22 = -2*f + f + 2*d. What is the highest common factor of i and f?
4
Let l = 219 - 21. Suppose 5*r - l = -3*g, -6*g - 112 = -3*r - g. What is the highest common divisor of r and 26?
13
Let k be 3 - (-1 + (29/(-1) - -1)). Calculate the highest common divisor of k and 4.
4
Suppose 0 = p - 2*p + 36. What is the highest common divisor of p and 18?
18
Suppose -y = 1 - 5. Let h = 10 - 7. Suppose -6*s + 48 = -h*s. What is the greatest common divisor of s and y?
4
Let v be (-162 + 2)*8/(-10). Suppose 0*t - v = -4*t. Suppose 3*z + 8 = t. What is the highest common factor of z and 20?
4
Suppose 2*s - 3*a - 42 = -0*a, 5*s - 71 = -a. Calculate the greatest common divisor of s and 60.
15
Suppose 26*z - 297 = 17*z. Calculate the greatest common factor of 363 and z.
33
Suppose -3*i - 3*q = -66, -5*q - 2 = -i + 8. What is the greatest common divisor of i and 50?
10
Suppose 0*k - 3*k - 4*h + 60 = 0, 2*k + 4*h - 44 = 0. Let b(r) = -3*r - 3. Let s be b(-17). What is the highest common factor of k and s?
16
Let x = 1 - -3. Suppose 0 = -x*o + 4*t + 4, -t = -o - 3*t + 16. Calculate the 